-5857 - -7897. List the prime factors of b.
2, 3, 5, 17
Suppose -k = -z + 613 - 895, -567 = -2*k - z. List the prime factors of k.
283
Let u(o) = -o**3 + 31*o**2 - 45*o + 139. What are the prime factors of u(25)?
2, 691
Let m be (-1 - (40 - 1)) + 2. Let i = 42 + m. Suppose -2*c - i*h + 359 = c, 0 = 5*h - 10. List the prime factors of c.
3, 13
List the prime factors of (-20)/(-40) + (35610/4)/3.
2, 7, 53
Suppose -23*f = -9*f - 2744. What are the prime factors of 147/f - (-5985)/4?
3, 499
Suppose 3*j - 4*j = -4, 5*h = -j - 196. Let i = 46 + h. Suppose -55 = i*o - 7*o. List the prime factors of o.
5, 11
List the prime factors of (0 + -1)/(1/75)*-138.
2, 3, 5, 23
Let c = -294 - -177. Let q = c - -324. What are the prime factors of q?
3, 23
Suppose 0 = s - u - 21, s - 4*s + 5*u = -55. Suppose h - 1481 = -0*i - 4*i, 5*h = s. List the prime factors of -2 + (2/(-3))/((-6)/i).
3, 13
Suppose -4*a + 352 = -1172. Let c = a - 219. List the prime factors of c.
2, 3
Suppose 2*c = -5*s + 5, -4*s - 2*c + 1 = -1. Suppose -s*w - 4*q = w + 148, 169 = -5*w + 3*q. Let k = w + 100. List the prime factors of k.
5, 13
Let r = -137 + 192. Let s = 24 + r. Let x = 141 - s. What are the prime factors of x?
2, 31
Let l = 2 - 0. Suppose -l*g - 222 = 4*g. What are the prime factors of (-3)/(-4)*4 - g?
2, 5
Suppose -17*x = -11*x + 354. Let r = 735 + x. What are the prime factors of r?
2, 13
Let n(g) = -g - 5. Let y be n(-7). Suppose y*h - 784 = -3*j, h + 4*j = -j + 406. What are the prime factors of h?
2, 193
Let g = 82002 - 19740. List the prime factors of g.
2, 3, 1153
Let a be ((-2)/1)/(8/(6 + 58)). What are the prime factors of -695*-1*(1 - a/(-20))?
139
Let q(j) = 3*j - 51. Let z be q(11). What are the prime factors of ((-3)/z*974)/(18/54)?
487
Let k = 5041 - 1391. What are the prime factors of k?
2, 5, 73
Let r(o) = 3*o + 97. Let b(h) = -2*h + 10. Let i be b(-3). Suppose 2*d + 5 + 3 = -5*y, 0 = y + 4*d + i. List the prime factors of r(y).
97
Suppose 2*l - 3590 = 154. Suppose -5*a = -2*a - l. List the prime factors of a.
2, 3, 13
Let r(y) = -14*y - 65. Let a be r(-5). Suppose 7*w = -a*w + 2748. List the prime factors of w.
229
Suppose 105423 = 4*k + 3*u + 10683, 0 = 3*k - u - 71081. What are the prime factors of k?
3, 53, 149
Let i(s) = 79*s - 139. List the prime factors of i(65).
2, 1249
Let j(o) = 79*o - 13. Let b(u) = -16*u - 13. Let d be b(-1). What are the prime factors of j(d)?
2, 7
Suppose -5*w - 4*n = -31, 1 = -2*w + n + 16. Let x be 2 + w*(1 - 0). Suppose -x*q + 308 = -340. What are the prime factors of q?
2, 3
Let l(m) = 2*m**2 - 2*m - 2. Let i be l(-4). Let x = 76 - i. Suppose -4*f = o - 58, -2*o + 169 - x = 5*f. What are the prime factors of o?
2, 3, 13
Let t be 5/(-3)*198/(-15). Suppose 52 = 5*c + 4*y, 0 = 2*c + 2*y + 2 - t. What are the prime factors of c?
2, 3
Let p(q) = -q**3 - 2*q**2 - q + 4. Let h be p(0). Suppose 2*k - 3*k + h = 0. Suppose -j - 565 = -k*v, v + v - 275 = 3*j. List the prime factors of v.
2, 71
Suppose -76 = 8*v - 4*v. Let d(k) = 4*k - 13*k + 12 + 6*k. List the prime factors of d(v).
3, 23
Suppose -2*f = 3*m - 114867, -f - 102197 = -4*m + 50970. List the prime factors of m.
11, 59
Let c be (-75)/(-20) + -4 + 782/(-8). Let u = -184 - c. Let d = -73 - u. List the prime factors of d.
13
Let i = 130 - -883. Suppose -g - 5*a = -514, 4*a - 9*a = 2*g - i. What are the prime factors of g?
499
Suppose 0 = 21*i - 2*i - 76. What are the prime factors of (i/(-14))/((-1)/763)?
2, 109
Let y(d) be the third derivative of -d**6/120 - d**5/5 - 11*d**4/12 - 5*d**3/6 - 24*d**2. Let r be 1/5 - 504/45 - 0. What are the prime factors of y(r)?
2, 29
Let u be 3240/110 - (-18)/33. Let y(g) = g**3 + 5*g**2 - 8*g - 6. Let i be y(-5). Let o = i - u. List the prime factors of o.
2
Suppose -2*t - f - 2*f + 21 = 0, f - 14 = -3*t. Suppose 0 = -4*m - 4*p + 188, -t*m + 107 + 28 = p. Let r = -31 + m. List the prime factors of r.
13
Let y = -8694 - -14766. What are the prime factors of y?
2, 3, 11, 23
Let q(w) = -102*w**3 - 25*w**2 - 128*w - 3. List the prime factors of q(-7).
2, 17327
Let l be (-6)/4 - (-6)/(-12). What are the prime factors of l/(-11) + (-326400)/(-561)?
2, 3, 97
Let g = 19929 + -11620. What are the prime factors of g?
7, 1187
Suppose 4*h + 2*u - 310 = 0, 2*h - 164 = 9*u - 13*u. Let l(k) = k**3 + 6*k**2 + 4*k + 9. Let i be l(-6). Let x = i + h. What are the prime factors of x?
61
Let t(p) = 259*p - 211. Let g(h) = -130*h + 105. Let o(n) = 5*g(n) + 3*t(n). What are the prime factors of o(7)?
11, 71
Let u(g) = 768*g**2 - 12*g - 18. List the prime factors of u(-6).
2, 3, 19
Let c(o) = o - 10. Let t be c(13). Let r be 0/(t + (4 - 5)). Suppose r*u - 675 = -5*u. List the prime factors of u.
3, 5
Let a be ((-1043)/14)/(1/(-14)). Suppose 2*c - 799 = a. What are the prime factors of c?
3, 307
Let s be (30/25)/(1/(-25)). Let y be -5*(-2)/s*-3*2. Suppose 4*o - 676 = -0*o - y*z, -o + 162 = -3*z. List the prime factors of o.
2, 3, 7
Let d(o) = o**2 + 16*o - 2. Suppose 0 = -2*b - 2*k - 38, 3*k = -3*b - k - 61. Let p be d(b). Let m = 24 + p. What are the prime factors of m?
7
Suppose 3*j - 323 = 5*u, 181 = 2*j + u - 56. Suppose -5*d = 2*n - j, 2*n = 4*d - 3*n - 106. What are the prime factors of d?
2, 3
Let l = -5 + -11. Let y(r) = -2*r - 16. Let n be y(l). What are the prime factors of 1/(4 - 62/n)?
2
Let u be -392 - ((-2)/(-15) - (-52)/60). Let j = -258 - u. Suppose -66 = -3*b + j. List the prime factors of b.
67
Suppose -8*i + 45 = i. Let b(o) = -10*o + 30. Let s be b(i). What are the prime factors of -1 + s/(-16) - (-471)/4?
2, 59
List the prime factors of (-9 + -12 + 20)*-251*99.
3, 11, 251
Suppose -12*j = -41 + 5. Suppose j*u = 2*u - 11. Let f = u - -30. List the prime factors of f.
19
Let p = 291 + -289. Suppose 74 = -p*n + 506. List the prime factors of n.
2, 3
Suppose -8*p + 5*p + 3 = 0. Let g be (3 - (-4 + 8)) + p. Suppose g*f - 9*f + 900 = 0. List the prime factors of f.
2, 5
Let k be ((-60)/(-9) - 3)/((-4)/(-468)). Suppose 6*q = 417 + k. What are the prime factors of q?
3, 47
Suppose 0 = 3*h - y - 64, 0 = -4*h - 3*y + 5 + 76. Let p be 5/(15/h) - 2. Let u(a) = 5*a**2 - 11*a - 7. List the prime factors of u(p).
3, 7
Let h(b) = b**2 + 84*b - 371. What are the prime factors of h(-168)?
7, 13, 151
Let j = 600 + -360. Suppose 7892 - 269 = 77*d. Let u = j - d. What are the prime factors of u?
3, 47
Suppose 0 = -4*b + 4*z - 7404, 3*b + 5*z + 5309 = -268. List the prime factors of (b/27)/((-2)/9).
3, 103
Suppose -85 = 5*r - 2*b, -3*b - 6 = -r + 2*b. Let z = 111 + r. Suppose 8*i - 9*i + z = 0. What are the prime factors of i?
2, 23
Let a = -3465 + 7855. What are the prime factors of a?
2, 5, 439
Suppose 5*j - 3*y - 16 = 0, -2 = 2*j - 2*y - 10. Suppose -j - 3 = -i. Suppose i*q - 548 = -113. What are the prime factors of q?
3, 29
Suppose 89*n + 3555 = 3*r + 94*n, -3*n = 5*r - 5909. What are the prime factors of r?
2, 5, 59
Let p(z) be the first derivative of -z**4/4 - 10*z**3/3 - 7*z**2 - 14*z - 106. What are the prime factors of p(-12)?
2, 13, 17
Suppose -99 = 13*o - 24*o. What are the prime factors of 44532/32 + o/24?
2, 3, 29
Suppose 2*b + 0*k = 5*k - 99, -4*b = 4*k + 156. Let d = b + -1. Let v = 207 + d. List the prime factors of v.
2, 41
Suppose i + 2*c - 3732 - 10964 = 0, -5*i + 73480 = -12*c. List the prime factors of i.
2, 11, 167
Suppose -27*z + 23*z + 28442 = 2*h, -3*h = -5*z + 35569. What are the prime factors of z?
2, 7, 127
Suppose -102*d - 2*t - 31308 = -105*d, -d + 10437 = -t. What are the prime factors of d?
2, 3, 37, 47
Let m = 701 + -396. What are the prime factors of 1*-8*m/(-20)?
2, 61
Suppose 0 = 2*o - 3*p - 57019, 0 = 43*o - 44*o - 5*p + 28516. What are the prime factors of o?
7, 4073
Suppose 19*l - 2132 = -0*l + 17*l. What are the prime factors of l?
2, 13, 41
Let p(x) be the second derivative of -x**4/12 + x**3/6 + 161*x**2/2 - 328*x. Suppose -3*o - 2*m - 5 - 5 = 0, 3*o = 5*m + 25. List the prime factors of p(o).
7, 23
Suppose -1560 = -5*n - 5*y + 2775, -y = 4*n - 3453. Let k = n + 9. What are the prime factors of k?
13, 67
Suppose 0*o - 5*o = -880. Suppose 1210 = 11*v + o. List the prime factors of v.
2, 47
Let r(o) = -o**2 - 17*o - 68. Suppose 4*z + 30 = -2. Let g be r(z). Let s(m) = 73*m - 36. What are the prime factors of s(g)?
2
Let i(m